{"id":91,"date":"2025-12-18T22:13:21","date_gmt":"2025-12-18T21:13:21","guid":{"rendered":"https:\/\/gastroeventy.pl\/?page_id=91"},"modified":"2025-12-23T11:14:27","modified_gmt":"2025-12-23T10:14:27","slug":"fundusze-europejskie","status":"publish","type":"page","link":"https:\/\/gastroeventy.pl\/?page_id=91","title":{"rendered":"Fundusze Europejskie"},"content":{"rendered":"\t\t<div data-elementor-type=\"wp-page\" data-elementor-id=\"91\" class=\"elementor elementor-91\">\n\t\t\t\t<div class=\"elementor-element elementor-element-49947cf e-flex e-con-boxed e-con e-parent\" data-id=\"49947cf\" data-element_type=\"container\">\n\t\t\t\t\t<div class=\"e-con-inner\">\n\t\t\t\t<div class=\"elementor-element elementor-element-1f893dd elementor-widget__width-initial elementor-widget elementor-widget-text-editor\" data-id=\"1f893dd\" data-element_type=\"widget\" data-widget_type=\"text-editor.default\">\n\t\t\t\t\t\t\t\t\t<div><div>Przedsi\u0119biorstwo GASTRO PROJEKT MALWINA BRENCZ, PAWE\u0141 M\u0118DREK SP\u00d3\u0141KA CYWILNA realizuje przedsi\u0119wzi\u0119cie \u201eZwi\u0119kszenie odporno\u015bci na sytuacje kryzysowe w wyniku dywersyfikacji prowadzonej dzia\u0142alno\u015bci (REGION 5: wojew\u00f3dztwo wielkopolskie)\u201d.<\/div><div>\u00a0<\/div><div>Numer przedsi\u0119wzi\u0119cia: KPOD.01.03-IW.01-0740\/24<\/div><div>\u00a0<\/div><div>Przedmiotem projektu jest zwi\u0119kszenie odporno\u015bci przedsi\u0119biorstwa GASTRO PROJEKT MALWINA BRENCZ, PAWE\u0141 M\u0118DREK SP\u00d3\u0141KA CYWILNA na sytuacje kryzysowe w wyniku dywersyfikacji prowadzonej dzia\u0142alno\u015bci (rozpocz\u0119cie \u015bwiadczenia nowej us\u0142ugi: organizacji, zarz\u0105dzania i promocji imprez, w tym wydarze\u0144\/spotka\u0144 biznesowych itp. &#8211; w ramach kodu 82.30.Z).<\/div><div>\u00a0<\/div><div>Planowane do wdro\u017cenia us\u0142ugi organizacji, zarz\u0105dzania, promocji imprez realizowane b\u0119d\u0105 zar\u00f3wno w ramach obiektu, kt\u00f3rym dysponuje wnioskodawca (kt\u00f3ry w ramach niniejszego projektu zostanie odpowiednio doposa\u017cony) jak i na zewn\u0105trz (w plenerze) w dowolnym miejscu wskazanym przez klienta (w\u0142\u0105czaj\u0105c dostarczenie pracownik\u00f3w do obs\u0142ugi obiekt\u00f3w, w kt\u00f3rych te imprezy maj\u0105 miejsce). Organizacja event\u00f3w z wykorzystaniem rozwi\u0105za\u0144 cyfrowych (w tym streamingu) pozwoli na ograniczenie wp\u0142ywu pandemii typu COVID-19 na funkcjonowanie os\u00f3b i organizacji.<\/div><div><div>Warto\u015b\u0107 przedsi\u0119wzi\u0119cia og\u00f3\u0142em:<span>\u00a0<\/span><strong>728 365,53 PLN<\/strong><\/div><div>\u00a0<\/div><div>Warto\u015b\u0107 dofinansowania z UE:<span>\u00a0<\/span><strong>532 950,39 PLN<\/strong><\/div><div>\u00a0<\/div><\/div><\/div><div>#FunduszeEuropejskie #NextGenerationEU<\/div><div><\/div><div><\/div><div>\u00a0<\/div><div><\/div><div><img fetchpriority=\"high\" decoding=\"async\" class=\"aligncenter wp-image-139 size-full\" src=\"https:\/\/gastroeventy.pl\/wp-content\/uploads\/2025\/12\/Projekt-bez-nazwy.png\" alt=\"\" width=\"2480\" height=\"520\" srcset=\"https:\/\/gastroeventy.pl\/wp-content\/uploads\/2025\/12\/Projekt-bez-nazwy.png 2480w, https:\/\/gastroeventy.pl\/wp-content\/uploads\/2025\/12\/Projekt-bez-nazwy-300x63.png 300w, https:\/\/gastroeventy.pl\/wp-content\/uploads\/2025\/12\/Projekt-bez-nazwy-1024x215.png 1024w, https:\/\/gastroeventy.pl\/wp-content\/uploads\/2025\/12\/Projekt-bez-nazwy-768x161.png 768w, https:\/\/gastroeventy.pl\/wp-content\/uploads\/2025\/12\/Projekt-bez-nazwy-1536x322.png 1536w, https:\/\/gastroeventy.pl\/wp-content\/uploads\/2025\/12\/Projekt-bez-nazwy-2048x429.png 2048w\" sizes=\"(max-width: 2480px) 100vw, 2480px\" \/><\/div><div><\/div><div>\u00a0<\/div><div><div>Informujemy o rozbudowie zakresu naszych us\u0142ug. Jeste\u015bmy w posiadaniu najnowszych rozwi\u0105za\u0144 cyfrowych, dla jeszcze lepszej obs\u0142ugi Twojego eventu, tak\u017ce w plenerze.<\/div><div>\u00a0<\/div><div>Przemy\u015blana oprawa wizualna, rozbudowane efekty \u015bwietlne, kompleksowa oprawa muzyczna imprezy, a nawet jej streaming.<\/div><div>\u00a0<\/div><div>Posiadamy najlepsz\u0105 jako\u015b\u0107 \u015bwiadczonych us\u0142ug, dzi\u0119ki do\u015bwiadczonej kadrze jak i najwy\u017cszej jako\u015bci sprz\u0119towi.<\/div><div>\u00a0<\/div><div>Zapraszamy do wsp\u00f3\u0142pracy i wysy\u0142ania zapyta\u0144<span>\u00a0<\/span><a href=\"mailto:gastroeventy@gmail.com\" target=\"_blank\" rel=\"noopener\">gastroeventy@gmail.com<\/a><\/div><div>\u00a0<\/div><div>\u00a0<\/div><div>\u015arodki na realizacj\u0119 projektu, pochodz\u0105 z dofinansowania Unii Europejskiej. \u201eZwi\u0119kszenie odporno\u015bci na sytuacje kryzysowe w wyniku dywersyfikacji prowadzonej dzia\u0142alno\u015bci (REGION 5: wojew\u00f3dztwo wielkopolskie)\u201d.<\/div><div>\u00a0<\/div><div>Numer przedsi\u0119wzi\u0119cia: KPOD.01.03-IW.01-0740\/24<\/div><div>\u00a0<\/div><\/div><div>#FunduszeEuropejskie #NextGenerationEU<\/div>\t\t\t\t\t\t\t\t<\/div>\n\t\t\t\t\t<\/div>\n\t\t\t\t<\/div>\n\t\t<div class=\"elementor-element elementor-element-cc36758 e-flex e-con-boxed e-con e-parent\" data-id=\"cc36758\" data-element_type=\"container\">\n\t\t\t\t\t<div class=\"e-con-inner\">\n\t\t\t\t<div class=\"elementor-element elementor-element-1c1b423 elementor-widget__width-initial e-transform e-transform elementor-widget elementor-widget-image\" data-id=\"1c1b423\" data-element_type=\"widget\" data-settings=\"{&quot;_transform_translateY_effect&quot;:{&quot;unit&quot;:&quot;px&quot;,&quot;size&quot;:7,&quot;sizes&quot;:[]},&quot;_transform_scaleX_effect&quot;:{&quot;unit&quot;:&quot;px&quot;,&quot;size&quot;:1.1,&quot;sizes&quot;:[]},&quot;_transform_translateX_effect&quot;:{&quot;unit&quot;:&quot;px&quot;,&quot;size&quot;:&quot;&quot;,&quot;sizes&quot;:[]},&quot;_transform_translateX_effect_tablet&quot;:{&quot;unit&quot;:&quot;px&quot;,&quot;size&quot;:&quot;&quot;,&quot;sizes&quot;:[]},&quot;_transform_translateX_effect_mobile&quot;:{&quot;unit&quot;:&quot;px&quot;,&quot;size&quot;:&quot;&quot;,&quot;sizes&quot;:[]},&quot;_transform_translateY_effect_tablet&quot;:{&quot;unit&quot;:&quot;px&quot;,&quot;size&quot;:&quot;&quot;,&quot;sizes&quot;:[]},&quot;_transform_translateY_effect_mobile&quot;:{&quot;unit&quot;:&quot;px&quot;,&quot;size&quot;:&quot;&quot;,&quot;sizes&quot;:[]},&quot;_transform_scaleX_effect_tablet&quot;:{&quot;unit&quot;:&quot;px&quot;,&quot;size&quot;:&quot;&quot;,&quot;sizes&quot;:[]},&quot;_transform_scaleX_effect_mobile&quot;:{&quot;unit&quot;:&quot;px&quot;,&quot;size&quot;:&quot;&quot;,&quot;sizes&quot;:[]},&quot;_transform_scaleY_effect&quot;:{&quot;unit&quot;:&quot;px&quot;,&quot;size&quot;:&quot;&quot;,&quot;sizes&quot;:[]},&quot;_transform_scaleY_effect_tablet&quot;:{&quot;unit&quot;:&quot;px&quot;,&quot;size&quot;:&quot;&quot;,&quot;sizes&quot;:[]},&quot;_transform_scaleY_effect_mobile&quot;:{&quot;unit&quot;:&quot;px&quot;,&quot;size&quot;:&quot;&quot;,&quot;sizes&quot;:[]}}\" data-widget_type=\"image.default\">\n\t\t\t\t\t\t\t\t\t\t\t\t\t\t\t<img decoding=\"async\" width=\"1024\" height=\"131\" src=\"https:\/\/gastroeventy.pl\/wp-content\/uploads\/2025\/12\/KPO_barwy-RP_NextGenerationEU_poziom_zestawienie_podstawowe_-RGB-1024x131.jpg\" class=\"attachment-large size-large wp-image-18\" alt=\"\" srcset=\"https:\/\/gastroeventy.pl\/wp-content\/uploads\/2025\/12\/KPO_barwy-RP_NextGenerationEU_poziom_zestawienie_podstawowe_-RGB-1024x131.jpg 1024w, https:\/\/gastroeventy.pl\/wp-content\/uploads\/2025\/12\/KPO_barwy-RP_NextGenerationEU_poziom_zestawienie_podstawowe_-RGB-300x38.jpg 300w, https:\/\/gastroeventy.pl\/wp-content\/uploads\/2025\/12\/KPO_barwy-RP_NextGenerationEU_poziom_zestawienie_podstawowe_-RGB-768x98.jpg 768w, https:\/\/gastroeventy.pl\/wp-content\/uploads\/2025\/12\/KPO_barwy-RP_NextGenerationEU_poziom_zestawienie_podstawowe_-RGB-1536x197.jpg 1536w, https:\/\/gastroeventy.pl\/wp-content\/uploads\/2025\/12\/KPO_barwy-RP_NextGenerationEU_poziom_zestawienie_podstawowe_-RGB-2048x262.jpg 2048w\" sizes=\"(max-width: 1024px) 100vw, 1024px\" \/>\t\t\t\t\t\t\t\t\t\t\t\t\t\t\t<\/div>\n\t\t\t\t\t<\/div>\n\t\t\t\t<\/div>\n\t\t\t\t<\/div>\n\t\t","protected":false},"excerpt":{"rendered":"<p>Przedsi\u0119biorstwo GASTRO PROJEKT MALWINA BRENCZ, PAWE\u0141 M\u0118DREK SP\u00d3\u0141KA CYWILNA realizuje przedsi\u0119wzi\u0119cie \u201eZwi\u0119kszenie odporno\u015bci na sytuacje kryzysowe w wyniku dywersyfikacji prowadzonej [&hellip;]<\/p>\n","protected":false},"author":1,"featured_media":0,"parent":0,"menu_order":0,"comment_status":"closed","ping_status":"closed","template":"","meta":{"site-sidebar-layout":"no-sidebar","site-content-layout":"","ast-site-content-layout":"full-width-container","site-content-style":"default","site-sidebar-style":"default","ast-global-header-display":"","ast-banner-title-visibility":"","ast-main-header-display":"","ast-hfb-above-header-display":"","ast-hfb-below-header-display":"","ast-hfb-mobile-header-display":"","site-post-title":"","ast-breadcrumbs-content":"","ast-featured-img":"disabled","footer-sml-layout":"","ast-disable-related-posts":"","theme-transparent-header-meta":"","adv-header-id-meta":"","stick-header-meta":"","header-above-stick-meta":"","header-main-stick-meta":"","header-below-stick-meta":"","astra-migrate-meta-layouts":"default","ast-page-background-enabled":"default","ast-page-background-meta":{"desktop":{"background-color":"var(--ast-global-color-5)","background-image":"","background-repeat":"repeat","background-position":"center center","background-size":"auto","background-attachment":"scroll","background-type":"","background-media":"","overlay-type":"","overlay-color":"","overlay-opacity":"","overlay-gradient":""},"tablet":{"background-color":"","background-image":"","background-repeat":"repeat","background-position":"center center","background-size":"auto","background-attachment":"scroll","background-type":"","background-media":"","overlay-type":"","overlay-color":"","overlay-opacity":"","overlay-gradient":""},"mobile":{"background-color":"","background-image":"","background-repeat":"repeat","background-position":"center center","background-size":"auto","background-attachment":"scroll","background-type":"","background-media":"","overlay-type":"","overlay-color":"","overlay-opacity":"","overlay-gradient":""}},"ast-content-background-meta":{"desktop":{"background-color":"var(--ast-global-color-4)","background-image":"","background-repeat":"repeat","background-position":"center center","background-size":"auto","background-attachment":"scroll","background-type":"","background-media":"","overlay-type":"","overlay-color":"","overlay-opacity":"","overlay-gradient":""},"tablet":{"background-color":"var(--ast-global-color-4)","background-image":"","background-repeat":"repeat","background-position":"center center","background-size":"auto","background-attachment":"scroll","background-type":"","background-media":"","overlay-type":"","overlay-color":"","overlay-opacity":"","overlay-gradient":""},"mobile":{"background-color":"var(--ast-global-color-4)","background-image":"","background-repeat":"repeat","background-position":"center center","background-size":"auto","background-attachment":"scroll","background-type":"","background-media":"","overlay-type":"","overlay-color":"","overlay-opacity":"","overlay-gradient":""}},"footnotes":""},"class_list":["post-91","page","type-page","status-publish","hentry"],"yoast_head":"<!-- This site is optimized with the Yoast SEO plugin v26.6 - https:\/\/yoast.com\/wordpress\/plugins\/seo\/ -->\n<title>Fundusze Europejskie -<\/title>\n<meta name=\"robots\" content=\"index, follow, max-snippet:-1, max-image-preview:large, max-video-preview:-1\" \/>\n<link rel=\"canonical\" href=\"https:\/\/gastroeventy.pl\/?page_id=91\" \/>\n<meta property=\"og:locale\" content=\"pl_PL\" \/>\n<meta property=\"og:type\" content=\"article\" \/>\n<meta property=\"og:title\" content=\"Fundusze Europejskie -\" \/>\n<meta property=\"og:description\" content=\"Przedsi\u0119biorstwo GASTRO PROJEKT MALWINA BRENCZ, PAWE\u0141 M\u0118DREK SP\u00d3\u0141KA CYWILNA realizuje przedsi\u0119wzi\u0119cie \u201eZwi\u0119kszenie odporno\u015bci na sytuacje kryzysowe w wyniku dywersyfikacji prowadzonej [&hellip;]\" \/>\n<meta property=\"og:url\" content=\"https:\/\/gastroeventy.pl\/?page_id=91\" \/>\n<meta property=\"article:modified_time\" content=\"2025-12-23T10:14:27+00:00\" \/>\n<meta property=\"og:image\" content=\"https:\/\/gastroeventy.pl\/wp-content\/uploads\/2025\/12\/Projekt-bez-nazwy.png\" \/>\n<meta name=\"twitter:card\" content=\"summary_large_image\" \/>\n<meta name=\"twitter:label1\" content=\"Szacowany czas czytania\" \/>\n\t<meta name=\"twitter:data1\" content=\"2 minuty\" \/>\n<script type=\"application\/ld+json\" class=\"yoast-schema-graph\">{\"@context\":\"https:\/\/schema.org\",\"@graph\":[{\"@type\":\"WebPage\",\"@id\":\"https:\/\/gastroeventy.pl\/?page_id=91\",\"url\":\"https:\/\/gastroeventy.pl\/?page_id=91\",\"name\":\"Fundusze Europejskie -\",\"isPartOf\":{\"@id\":\"https:\/\/gastroeventy.pl\/#website\"},\"primaryImageOfPage\":{\"@id\":\"https:\/\/gastroeventy.pl\/?page_id=91#primaryimage\"},\"image\":{\"@id\":\"https:\/\/gastroeventy.pl\/?page_id=91#primaryimage\"},\"thumbnailUrl\":\"https:\/\/gastroeventy.pl\/wp-content\/uploads\/2025\/12\/Projekt-bez-nazwy.png\",\"datePublished\":\"2025-12-18T21:13:21+00:00\",\"dateModified\":\"2025-12-23T10:14:27+00:00\",\"breadcrumb\":{\"@id\":\"https:\/\/gastroeventy.pl\/?page_id=91#breadcrumb\"},\"inLanguage\":\"pl-PL\",\"potentialAction\":[{\"@type\":\"ReadAction\",\"target\":[\"https:\/\/gastroeventy.pl\/?page_id=91\"]}]},{\"@type\":\"ImageObject\",\"inLanguage\":\"pl-PL\",\"@id\":\"https:\/\/gastroeventy.pl\/?page_id=91#primaryimage\",\"url\":\"https:\/\/gastroeventy.pl\/wp-content\/uploads\/2025\/12\/Projekt-bez-nazwy.png\",\"contentUrl\":\"https:\/\/gastroeventy.pl\/wp-content\/uploads\/2025\/12\/Projekt-bez-nazwy.png\",\"width\":2480,\"height\":520},{\"@type\":\"BreadcrumbList\",\"@id\":\"https:\/\/gastroeventy.pl\/?page_id=91#breadcrumb\",\"itemListElement\":[{\"@type\":\"ListItem\",\"position\":1,\"name\":\"Home\",\"item\":\"https:\/\/gastroeventy.pl\/\"},{\"@type\":\"ListItem\",\"position\":2,\"name\":\"Fundusze Europejskie\"}]},{\"@type\":\"WebSite\",\"@id\":\"https:\/\/gastroeventy.pl\/#website\",\"url\":\"https:\/\/gastroeventy.pl\/\",\"name\":\"\",\"description\":\"\",\"potentialAction\":[{\"@type\":\"SearchAction\",\"target\":{\"@type\":\"EntryPoint\",\"urlTemplate\":\"https:\/\/gastroeventy.pl\/?s={search_term_string}\"},\"query-input\":{\"@type\":\"PropertyValueSpecification\",\"valueRequired\":true,\"valueName\":\"search_term_string\"}}],\"inLanguage\":\"pl-PL\"}]}<\/script>\n<!-- \/ Yoast SEO plugin. -->","yoast_head_json":{"title":"Fundusze Europejskie -","robots":{"index":"index","follow":"follow","max-snippet":"max-snippet:-1","max-image-preview":"max-image-preview:large","max-video-preview":"max-video-preview:-1"},"canonical":"https:\/\/gastroeventy.pl\/?page_id=91","og_locale":"pl_PL","og_type":"article","og_title":"Fundusze Europejskie -","og_description":"Przedsi\u0119biorstwo GASTRO PROJEKT MALWINA BRENCZ, PAWE\u0141 M\u0118DREK SP\u00d3\u0141KA CYWILNA realizuje przedsi\u0119wzi\u0119cie \u201eZwi\u0119kszenie odporno\u015bci na sytuacje kryzysowe w wyniku dywersyfikacji prowadzonej [&hellip;]","og_url":"https:\/\/gastroeventy.pl\/?page_id=91","article_modified_time":"2025-12-23T10:14:27+00:00","og_image":[{"url":"https:\/\/gastroeventy.pl\/wp-content\/uploads\/2025\/12\/Projekt-bez-nazwy.png","type":"","width":"","height":""}],"twitter_card":"summary_large_image","twitter_misc":{"Szacowany czas czytania":"2 minuty"},"schema":{"@context":"https:\/\/schema.org","@graph":[{"@type":"WebPage","@id":"https:\/\/gastroeventy.pl\/?page_id=91","url":"https:\/\/gastroeventy.pl\/?page_id=91","name":"Fundusze Europejskie -","isPartOf":{"@id":"https:\/\/gastroeventy.pl\/#website"},"primaryImageOfPage":{"@id":"https:\/\/gastroeventy.pl\/?page_id=91#primaryimage"},"image":{"@id":"https:\/\/gastroeventy.pl\/?page_id=91#primaryimage"},"thumbnailUrl":"https:\/\/gastroeventy.pl\/wp-content\/uploads\/2025\/12\/Projekt-bez-nazwy.png","datePublished":"2025-12-18T21:13:21+00:00","dateModified":"2025-12-23T10:14:27+00:00","breadcrumb":{"@id":"https:\/\/gastroeventy.pl\/?page_id=91#breadcrumb"},"inLanguage":"pl-PL","potentialAction":[{"@type":"ReadAction","target":["https:\/\/gastroeventy.pl\/?page_id=91"]}]},{"@type":"ImageObject","inLanguage":"pl-PL","@id":"https:\/\/gastroeventy.pl\/?page_id=91#primaryimage","url":"https:\/\/gastroeventy.pl\/wp-content\/uploads\/2025\/12\/Projekt-bez-nazwy.png","contentUrl":"https:\/\/gastroeventy.pl\/wp-content\/uploads\/2025\/12\/Projekt-bez-nazwy.png","width":2480,"height":520},{"@type":"BreadcrumbList","@id":"https:\/\/gastroeventy.pl\/?page_id=91#breadcrumb","itemListElement":[{"@type":"ListItem","position":1,"name":"Home","item":"https:\/\/gastroeventy.pl\/"},{"@type":"ListItem","position":2,"name":"Fundusze Europejskie"}]},{"@type":"WebSite","@id":"https:\/\/gastroeventy.pl\/#website","url":"https:\/\/gastroeventy.pl\/","name":"","description":"","potentialAction":[{"@type":"SearchAction","target":{"@type":"EntryPoint","urlTemplate":"https:\/\/gastroeventy.pl\/?s={search_term_string}"},"query-input":{"@type":"PropertyValueSpecification","valueRequired":true,"valueName":"search_term_string"}}],"inLanguage":"pl-PL"}]}},"_links":{"self":[{"href":"https:\/\/gastroeventy.pl\/index.php?rest_route=\/wp\/v2\/pages\/91","targetHints":{"allow":["GET"]}}],"collection":[{"href":"https:\/\/gastroeventy.pl\/index.php?rest_route=\/wp\/v2\/pages"}],"about":[{"href":"https:\/\/gastroeventy.pl\/index.php?rest_route=\/wp\/v2\/types\/page"}],"author":[{"embeddable":true,"href":"https:\/\/gastroeventy.pl\/index.php?rest_route=\/wp\/v2\/users\/1"}],"replies":[{"embeddable":true,"href":"https:\/\/gastroeventy.pl\/index.php?rest_route=%2Fwp%2Fv2%2Fcomments&post=91"}],"version-history":[{"count":53,"href":"https:\/\/gastroeventy.pl\/index.php?rest_route=\/wp\/v2\/pages\/91\/revisions"}],"predecessor-version":[{"id":274,"href":"https:\/\/gastroeventy.pl\/index.php?rest_route=\/wp\/v2\/pages\/91\/revisions\/274"}],"wp:attachment":[{"href":"https:\/\/gastroeventy.pl\/index.php?rest_route=%2Fwp%2Fv2%2Fmedia&parent=91"}],"curies":[{"name":"wp","href":"https:\/\/api.w.org\/{rel}","templated":true}]}}